{"id":461,"date":"2026-04-15T10:19:54","date_gmt":"2026-04-15T08:19:54","guid":{"rendered":"https:\/\/carlite.es\/shop\/?post_type=product&#038;p=461"},"modified":"2026-04-15T11:33:40","modified_gmt":"2026-04-15T09:33:40","slug":"car-lite-neo-v-16-mibaliza-com","status":"publish","type":"product","link":"https:\/\/carlite.es\/shop\/producto\/car-lite-neo-v-16-mibaliza-com\/","title":{"rendered":"CAR-LITE NEO V-16 &#8211; MIBALIZA.COM"},"content":{"rendered":"<div class=\"wpb-content-wrapper\"><p>[vc_row full_width=\u00bbstretch_row_content_no_spaces\u00bb el_disable_mobile=\u00bb1&#8243; css=\u00bb.vc_custom_1760623647767{margin-top: -150px !important;}\u00bb][vc_column][vc_column_text css=\u00bb\u00bb]<\/p>\n<h2 style=\"text-align: center;\">La baliza de emergencia m\u00e1s visible del mercado<\/h2>\n<p>[\/vc_column_text][vc_column_text css=\u00bb\u00bb]<img class=\"size-full wp-image-467 aligncenter\" src=\"https:\/\/carlite.es\/shop\/wp-content\/uploads\/2026\/04\/mano_techo_carlite-neo.jpg\" alt=\"\" width=\"1712\" height=\"831\" srcset=\"https:\/\/carlite.es\/shop\/wp-content\/uploads\/2026\/04\/mano_techo_carlite-neo.jpg 1712w, https:\/\/carlite.es\/shop\/wp-content\/uploads\/2026\/04\/mano_techo_carlite-neo-300x146.jpg 300w, https:\/\/carlite.es\/shop\/wp-content\/uploads\/2026\/04\/mano_techo_carlite-neo-1024x497.jpg 1024w, https:\/\/carlite.es\/shop\/wp-content\/uploads\/2026\/04\/mano_techo_carlite-neo-768x373.jpg 768w, https:\/\/carlite.es\/shop\/wp-content\/uploads\/2026\/04\/mano_techo_carlite-neo-1536x746.jpg 1536w, https:\/\/carlite.es\/shop\/wp-content\/uploads\/2026\/04\/mano_techo_carlite-neo-128x62.jpg 128w, https:\/\/carlite.es\/shop\/wp-content\/uploads\/2026\/04\/mano_techo_carlite-neo-600x291.jpg 600w\" sizes=\"(max-width: 1712px) 100vw, 1712px\" \/>[\/vc_column_text][vc_column_text css=\u00bb\u00bb]<\/p>\n<h4 style=\"text-align: center;\"><span style=\"color: #e94e0d;\">Caracter\u00edsticas Baliza V-16 Geolocalizada<\/span><\/h4>\n<p>[\/vc_column_text][\/vc_column][\/vc_row][vc_row full_width=\u00bbstretch_row_content_no_spaces\u00bb el_disable_desktop=\u00bb1&#8243; el_disable_tablet=\u00bb1&#8243; css=\u00bb.vc_custom_1760623668582{margin-top: 0px !important;}\u00bb el_id=\u00bbMOVIL\u00bb][vc_column][vc_column_text css=\u00bb\u00bb]<\/p>\n<h2 style=\"text-align: center;\">La baliza de emergencia m\u00e1s visible del mercado<\/h2>\n<p>[\/vc_column_text][vc_column_text css=\u00bb\u00bb]<img class=\"size-full wp-image-467 aligncenter\" src=\"https:\/\/carlite.es\/shop\/wp-content\/uploads\/2026\/04\/mano_techo_carlite-neo.jpg\" alt=\"\" width=\"1712\" height=\"831\" srcset=\"https:\/\/carlite.es\/shop\/wp-content\/uploads\/2026\/04\/mano_techo_carlite-neo.jpg 1712w, https:\/\/carlite.es\/shop\/wp-content\/uploads\/2026\/04\/mano_techo_carlite-neo-300x146.jpg 300w, https:\/\/carlite.es\/shop\/wp-content\/uploads\/2026\/04\/mano_techo_carlite-neo-1024x497.jpg 1024w, https:\/\/carlite.es\/shop\/wp-content\/uploads\/2026\/04\/mano_techo_carlite-neo-768x373.jpg 768w, https:\/\/carlite.es\/shop\/wp-content\/uploads\/2026\/04\/mano_techo_carlite-neo-1536x746.jpg 1536w, https:\/\/carlite.es\/shop\/wp-content\/uploads\/2026\/04\/mano_techo_carlite-neo-128x62.jpg 128w, https:\/\/carlite.es\/shop\/wp-content\/uploads\/2026\/04\/mano_techo_carlite-neo-600x291.jpg 600w\" sizes=\"(max-width: 1712px) 100vw, 1712px\" \/>[\/vc_column_text][vc_column_text css=\u00bb\u00bb]<\/p>\n<h4 style=\"text-align: center;\"><span style=\"color: #e94e0d;\">Caracter\u00edsticas Baliza V-16 Geolocalizada CAR-LITE NEO<br \/>\n<\/span><\/h4>\n<p>[\/vc_column_text][\/vc_column][\/vc_row][vc_row full_width=\u00bbstretch_row_content_no_spaces\u00bb][vc_column][vc_column_text css=\u00bb\u00bb]<img class=\"size-full wp-image-466 aligncenter\" src=\"https:\/\/carlite.es\/shop\/wp-content\/uploads\/2026\/04\/iconos_carlite-neo_fondo-blanco.jpg\" alt=\"\" width=\"1383\" height=\"370\" srcset=\"https:\/\/carlite.es\/shop\/wp-content\/uploads\/2026\/04\/iconos_carlite-neo_fondo-blanco.jpg 1383w, https:\/\/carlite.es\/shop\/wp-content\/uploads\/2026\/04\/iconos_carlite-neo_fondo-blanco-300x80.jpg 300w, https:\/\/carlite.es\/shop\/wp-content\/uploads\/2026\/04\/iconos_carlite-neo_fondo-blanco-1024x274.jpg 1024w, https:\/\/carlite.es\/shop\/wp-content\/uploads\/2026\/04\/iconos_carlite-neo_fondo-blanco-768x205.jpg 768w, https:\/\/carlite.es\/shop\/wp-content\/uploads\/2026\/04\/iconos_carlite-neo_fondo-blanco-128x34.jpg 128w, https:\/\/carlite.es\/shop\/wp-content\/uploads\/2026\/04\/iconos_carlite-neo_fondo-blanco-600x161.jpg 600w\" sizes=\"(max-width: 1383px) 100vw, 1383px\" \/>[\/vc_column_text][\/vc_column][\/vc_row][vc_row full_width=\u00bbstretch_row_content_no_spaces\u00bb][vc_column][vc_column_text css=\u00bb\u00bb]<img class=\"size-full wp-image-472 aligncenter\" src=\"https:\/\/carlite.es\/shop\/wp-content\/uploads\/2026\/04\/carlite-neo_guantera-privacidad.jpg\" alt=\"\" width=\"1500\" height=\"1000\" srcset=\"https:\/\/carlite.es\/shop\/wp-content\/uploads\/2026\/04\/carlite-neo_guantera-privacidad.jpg 1500w, https:\/\/carlite.es\/shop\/wp-content\/uploads\/2026\/04\/carlite-neo_guantera-privacidad-300x200.jpg 300w, https:\/\/carlite.es\/shop\/wp-content\/uploads\/2026\/04\/carlite-neo_guantera-privacidad-1024x683.jpg 1024w, https:\/\/carlite.es\/shop\/wp-content\/uploads\/2026\/04\/carlite-neo_guantera-privacidad-768x512.jpg 768w, https:\/\/carlite.es\/shop\/wp-content\/uploads\/2026\/04\/carlite-neo_guantera-privacidad-128x85.jpg 128w, https:\/\/carlite.es\/shop\/wp-content\/uploads\/2026\/04\/carlite-neo_guantera-privacidad-600x400.jpg 600w\" sizes=\"(max-width: 1500px) 100vw, 1500px\" \/>[\/vc_column_text][vc_column_text css=\u00bb\u00bb]<\/p>\n<h3 style=\"text-align: center;\"><span style=\"color: #e94e0d;\">Funcionamiento<\/span><\/h3>\n<p>[\/vc_column_text][\/vc_column][\/vc_row][vc_row][vc_column width=\u00bb1\/2&#8243;][vc_column_text css=\u00bb\u00bb]<\/p>\n<h5><span style=\"color: #e94e0d;\">Instalaci\u00f3n de la bater\u00eda<\/span><\/h5>\n<p>\u2022 La baliza funciona con bater\u00eda y requiere 4 pilas AA para garantizar su correcto funcionamiento.<br \/>\n\u2022 Inserta la bater\u00eda seg\u00fan las marcas de polaridad en el soporte.<br \/>\n\u2022 Aseg\u00farate de que la posici\u00f3n es correcta; vuelve a verificar los terminales si la bater\u00eda no encaja correctamente.<br \/>\n\u2022 Aseg\u00farate de que la cubierta est\u00e9 completamente plana para un sellado herm\u00e9tico.<\/p>\n<h5><span style=\"color: #e94e0d;\">Encendido y apagado<\/span><\/h5>\n<div>\n<p>Aseg\u00farate de que la bater\u00eda est\u00e1 instalada correctamente. Mant\u00e9n presionado el bot\u00f3n superior durante 3 segundos para encender el dispositivo. Despu\u00e9s de encenderlo, parpadear\u00e1 en modo\u00a0de verificaci\u00f3n del estado de la bater\u00eda\u00a0durante 4,8 segundos y luego ingresar\u00e1 en modo de luz de emergencia.<\/p>\n<p>Las luces que parpadean a distintas frecuencias indican distintos estados. Hay tres tipos de patrones de parpadeo. Para obtener m\u00e1s informaci\u00f3n, consulta la siguiente tabla:<\/p>\n<\/div>\n<p>[\/vc_column_text][\/vc_column][vc_column width=\u00bb1\/2&#8243;][vc_column_text css=\u00bb\u00bb]<\/p>\n<h5><span style=\"color: #e94e0d;\">Para apagar y desactivar el dispositivo:<br \/>\n<\/span><\/h5>\n<div>\n<p>Al pulsar el bot\u00f3n durante 3 segundos, se detiene el modo de luz de emergencia, el dispositivo se apaga y se desconecta por completo. El \u00faltimo cuadro de datos se enviar\u00e1 al servidor indicando el fin del incidente. Despu\u00e9s de apagarse, las luces se apagar\u00e1n inmediatamente.<\/p>\n<\/div>\n<h5><span style=\"color: #e94e0d;\">Para comprobar el estado de la bater\u00eda:<br \/>\n<\/span><\/h5>\n<div>\n<p>Despu\u00e9s de encender: un destello r\u00e1pido dentro de los 4,8 segundos indica el estado de la bater\u00eda.<\/p>\n<p>Para garantizar que pueda activarse en caso de emergencia y proporcionar un parpadeo continuo durante al menos 30 minutos:<\/p>\n<p>Cuando el dispositivo se guarde durante un per\u00edodo prolongado en la guantera, se recomienda comprobar el estado de las bater\u00edas cada seis meses.\u00a0Reemplaza las bater\u00edas si detectas alguna anomal\u00eda.<\/p>\n<p>Despu\u00e9s de utilizar el dispositivo durante m\u00e1s de 3 minutos seguidos, se recomienda reemplazar las bater\u00edas.<\/p>\n<\/div>\n<p>[\/vc_column_text][\/vc_column][\/vc_row][vc_row][vc_column][vc_column_text css=\u00bb\u00bb]<img class=\"size-full wp-image-468 aligncenter\" src=\"https:\/\/carlite.es\/shop\/wp-content\/uploads\/2026\/04\/tabla_carlite-neo.jpg\" alt=\"\" width=\"1272\" height=\"213\" srcset=\"https:\/\/carlite.es\/shop\/wp-content\/uploads\/2026\/04\/tabla_carlite-neo.jpg 1272w, https:\/\/carlite.es\/shop\/wp-content\/uploads\/2026\/04\/tabla_carlite-neo-300x50.jpg 300w, https:\/\/carlite.es\/shop\/wp-content\/uploads\/2026\/04\/tabla_carlite-neo-1024x171.jpg 1024w, https:\/\/carlite.es\/shop\/wp-content\/uploads\/2026\/04\/tabla_carlite-neo-768x129.jpg 768w, https:\/\/carlite.es\/shop\/wp-content\/uploads\/2026\/04\/tabla_carlite-neo-128x21.jpg 128w, https:\/\/carlite.es\/shop\/wp-content\/uploads\/2026\/04\/tabla_carlite-neo-600x100.jpg 600w\" sizes=\"(max-width: 1272px) 100vw, 1272px\" \/>[\/vc_column_text][vc_column_text css=\u00bb\u00bb]<img class=\"size-full wp-image-464 aligncenter\" src=\"https:\/\/carlite.es\/shop\/wp-content\/uploads\/2026\/04\/caracteristicas_carlite-neo.jpg\" alt=\"\" width=\"1515\" height=\"563\" srcset=\"https:\/\/carlite.es\/shop\/wp-content\/uploads\/2026\/04\/caracteristicas_carlite-neo.jpg 1515w, https:\/\/carlite.es\/shop\/wp-content\/uploads\/2026\/04\/caracteristicas_carlite-neo-300x111.jpg 300w, https:\/\/carlite.es\/shop\/wp-content\/uploads\/2026\/04\/caracteristicas_carlite-neo-1024x381.jpg 1024w, https:\/\/carlite.es\/shop\/wp-content\/uploads\/2026\/04\/caracteristicas_carlite-neo-768x285.jpg 768w, https:\/\/carlite.es\/shop\/wp-content\/uploads\/2026\/04\/caracteristicas_carlite-neo-128x48.jpg 128w, https:\/\/carlite.es\/shop\/wp-content\/uploads\/2026\/04\/caracteristicas_carlite-neo-600x223.jpg 600w\" sizes=\"(max-width: 1515px) 100vw, 1515px\" \/>[\/vc_column_text][\/vc_column][\/vc_row][vc_row css=\u00bb.vc_custom_1760611107428{background-color: #E94E0D !important;}\u00bb][vc_column width=\u00bb1\/6&#8243;][\/vc_column][vc_column width=\u00bb2\/3&#8243;][vc_column_text css=\u00bb\u00bb]<\/p>\n<h4 style=\"text-align: center;\"><span style=\"color: #ffffff;\">Especificaciones t\u00e9cnicas<\/span><\/h4>\n<div>\n<p style=\"text-align: center;\"><span style=\"color: #ffffff;\"><b>Certificaci\u00f3n:<\/b>\u00a0CE\/ V16 Dispositivo de se\u00f1alizaci\u00f3n<\/span><\/p>\n<p style=\"text-align: center;\"><span style=\"color: #ffffff;\"><b>Color de la fuente de luz:<\/b>\u00a0\u00c1mbar<\/span><\/p>\n<p style=\"text-align: center;\"><span style=\"color: #ffffff;\"><b>Montaje:<\/b>\u00a0Montaje magn\u00e9tico.<\/span><\/p>\n<p style=\"text-align: center;\"><span style=\"color: #ffffff;\"><b>Bater\u00eda:<\/b>\u00a04 pilas AA, 1500 mAh.<\/span><\/p>\n<p style=\"text-align: center;\"><span style=\"color: #ffffff;\"><b>Duraci\u00f3n de la bater\u00eda:<\/b>\u00a0\u22652 horas, 1 informe\/100 segundos.<\/span><\/p>\n<p style=\"text-align: center;\"><span style=\"color: #ffffff;\"><b>Grado de protecci\u00f3n IP:<\/b>\u00a0Ip54 (Resistente al agua y al polvo)<\/span><\/p>\n<p style=\"text-align: center;\"><span style=\"color: #ffffff;\"><b>Temperatura de funcionamiento:\u00a0<\/b>-10\u00b0C a +50\u00b0C<\/span><\/p>\n<p style=\"text-align: center;\"><span style=\"color: #ffffff;\"><b>Dimensiones:<\/b>\u00a088,75 (largo) x 88,75 (ancho) x 52,5 (alto) mm.<\/span><\/p>\n<p style=\"text-align: center;\"><span style=\"color: #ffffff;\"><b>Peso:<\/b>\u00a0242g (con 4 bater\u00edas) \/ 148g (sin 4 bater\u00edas).<\/span><\/p>\n<\/div>\n<p>[\/vc_column_text][\/vc_column][vc_column width=\u00bb1\/6&#8243;][\/vc_column][\/vc_row]<\/p>\n<\/div>","protected":false},"excerpt":{"rendered":"<div style=\"text-align: center;\">\n<div style=\"text-align: center;\">\n<div style=\"text-align: center;\"><strong style=\"color: #ff6600; font-size: 32px; letter-spacing: 0.05em; text-transform: uppercase;\">PROMOCI\u00d3N ESPECIAL<\/strong><\/div>\n<div style=\"text-align: center;\">\n<p><strong style=\"color: #ff6600; font-size: 20px; letter-spacing: 0.05em; text-transform: uppercase;\">hasta fin de existencias<\/strong><br \/>\n<strong>Adem\u00e1s gastos env\u00edo GRATIS.<\/strong><\/p>\n<\/div>\n<\/div>\n<\/div>\n","protected":false},"featured_media":465,"template":"","meta":[],"product_brand":[],"product_cat":[23],"product_tag":[],"class_list":{"0":"post-461","1":"product","2":"type-product","3":"status-publish","4":"has-post-thumbnail","6":"product_cat-mibaliza-com","7":"yith_shop_vendor-mibaliza-com","9":"first","10":"instock","11":"sale","12":"shipping-taxable","13":"purchasable","14":"product-type-simple"},"_links":{"self":[{"href":"https:\/\/carlite.es\/shop\/wp-json\/wp\/v2\/product\/461","targetHints":{"allow":["GET"]}}],"collection":[{"href":"https:\/\/carlite.es\/shop\/wp-json\/wp\/v2\/product"}],"about":[{"href":"https:\/\/carlite.es\/shop\/wp-json\/wp\/v2\/types\/product"}],"wp:featuredmedia":[{"embeddable":true,"href":"https:\/\/carlite.es\/shop\/wp-json\/wp\/v2\/media\/465"}],"wp:attachment":[{"href":"https:\/\/carlite.es\/shop\/wp-json\/wp\/v2\/media?parent=461"}],"wp:term":[{"taxonomy":"product_brand","embeddable":true,"href":"https:\/\/carlite.es\/shop\/wp-json\/wp\/v2\/product_brand?post=461"},{"taxonomy":"product_cat","embeddable":true,"href":"https:\/\/carlite.es\/shop\/wp-json\/wp\/v2\/product_cat?post=461"},{"taxonomy":"product_tag","embeddable":true,"href":"https:\/\/carlite.es\/shop\/wp-json\/wp\/v2\/product_tag?post=461"}],"curies":[{"name":"wp","href":"https:\/\/api.w.org\/{rel}","templated":true}]}}